r of q and v?
21
Let j be 5 - (-1)/(-3)*3. Suppose -4*s - 2*u + 2332 = 0, 0*s - s = j*u - 569. Suppose -2*c + 7*c - s = 0. Calculate the greatest common factor of c and 13.
13
Let h(b) = 6*b + 0*b + 5*b**2 - 2*b - 6 + 3. Let t be h(2). Let u(v) = 3*v + 1. Let n be u(3). What is the highest common divisor of t and n?
5
Suppose -2*k + 0*k + 90 = 0. What is the highest common divisor of 18 and k?
9
Let f be (-8 + 7)*(-42)/1. Let x = -7 + 0. Let q = f + x. What is the greatest common divisor of 14 and q?
7
Let k(z) = 30*z**2 - 5*z + 5. Let u be k(1). Calculate the highest common divisor of 15 and u.
15
Let g(m) = m**2 + 4*m + 3. Let h be g(6). What is the greatest common divisor of 252 and h?
63
Let x be -4*9/6*-4. Suppose 5*p + 41 = 3*y + 13, 4*y - 4*p = x. What is the highest common factor of y and 1?
1
Let d be -22*(-3)/2*-4. Let j = d - -378. Let u = 346 - j. What is the highest common factor of u and 20?
20
Let g be 9 + 1 + (1 - 1). Suppose 3*y = 2*y + 17. Let f = y - g. What is the highest common divisor of 14 and f?
7
Let o be (-1)/(1/(-15)*1). Let a be (-31)/(-5) - 4/20. Calculate the greatest common factor of o and a.
3
Suppose 1 - 5 = -a. Suppose 24 = -q + a*q. Calculate the highest common divisor of q and 56.
8
Let t = -57 + 84. Let w be (2 - 4)/((-2)/(-3)) + 138. What is the greatest common divisor of w and t?
27
Let j(y) = y**3 - 6*y**2 + 5*y + 4. Let a be j(5). Let s be (-2)/3*(-36)/(-1). Let u = 34 + s. Calculate the greatest common divisor of a and u.
2
Let o be ((-2)/(-10))/((-1)/(-5)). Let k be (36/60)/(o/5). Calculate the greatest common divisor of k and 15.
3
Suppose -4*u + 3*p + 1 = 0, 4*u + 3*p + 15 = u. Let l be -10*(7/5 + u). Let f be (-8)/(-3)*l/4. Calculate the highest common factor of 12 and f.
4
Let r = -23 + 34. Let d = -9 + r. What is the greatest common factor of d and 4?
2
Let o be (-3)/3 + 0 + 6. Calculate the highest common factor of 2 and o.
1
Let u = -21 - -25. Suppose 0 = p - 2*p + 8. Calculate the highest common divisor of u and p.
4
Let q(a) = -a**2 - 8*a - 7. Let v be q(-5). Suppose 2*h - 3*h = -v. Let g = 15 - h. Calculate the greatest common divisor of g and 21.
7
Let b(j) = -6*j**2 - j + 2*j**2 + 5 + 5*j**2. Let p be b(4). Let x be -34*((-5)/2 + 0). Calculate the highest common divisor of p and x.
17
Suppose 9*r - 7*r = 2. Let c be (r - -6)/(2/8). Calculate the greatest common divisor of c and 308.
28
Let a(t) = t**3 + 7*t**2 + t + 4. Let c be a(-7). Let v be 1*c/3 + 0. Let l be (v - -2) + 4 + 1. Calculate the highest common divisor of 24 and l.
6
Suppose k = -2*k - 12, -5*s + 4*k + 216 = 0. Let a be (1 + 1)/(1/4). What is the highest common factor of s and a?
8
Suppose -l = -8 - 8. Calculate the greatest common divisor of l and 64.
16
Let k(g) = -84*g**3 + g**2 + 3*g + 3. Let l be k(-1). Calculate the highest common divisor of l and 34.
17
Let q(h) = 11*h + 34. Let v be q(6). What is the greatest common factor of v and 40?
20
Suppose -60 = 4*o - 9*o. Suppose -i - 1 = 3*f - 9, 5*i + 4 = -4*f. Calculate the highest common factor of f and o.
4
Suppose -4*p - 12 = 8. Let g be (30/(-4))/p*66. What is the greatest common factor of 33 and g?
33
Let i(y) be the first derivative of y**3/3 + 5*y**2 + 2*y + 5. Let f be i(-12). Calculate the highest common factor of 234 and f.
26
Suppose i - 4*i - 60 = -5*g, -5*g + 60 = 4*i. Suppose -4*p - 28 = -4*d, -5 = p - 0*p - 2*d. Let l = p + 15. Calculate the highest common factor of g and l.
6
Let q = 79 + -55. Suppose 3*b = 756 + 36. Calculate the highest common divisor of b and q.
24
Suppose -10 = 3*j - 4*j. Let b(r) = -9*r - 49. Let n be b(-11). What is the highest common factor of j and n?
10
Let c be (-2)/2 - (260 + 12/4). Let m be 8/6 - 2/(-3). Let p be 3 - m - c/2. What is the greatest common factor of 19 and p?
19
Let n(g) = g**2 + 3*g - 3. Let w be n(-3). Let v(o) = -2*o**2 - 2*o. Let s be v(w). Let u = 3 - s. What is the greatest common divisor of 3 and u?
3
Suppose 4*d - 24 = -4. Suppose d*u - 336 = u. Suppose 3*x + 5*f - 26 = 0, 3*x - 5*f - 60 = -14. What is the highest common divisor of u and x?
12
Let v be (3 - 4)/((-1)/5). Suppose -v*h + 70 = -25. What is the greatest common divisor of 209 and h?
19
Let z be (12/(-30))/(1/(-40)). Let d = -55 + 103. What is the greatest common factor of z and d?
16
Suppose 2*d - 200 = -2*d. Let n be (-42)/(-4) - (-2)/(-4). Calculate the greatest common divisor of n and d.
10
Let n(z) = 101*z + 5. Let s be n(3). Calculate the highest common divisor of s and 28.
28
Let o = -7 - 4. Let h be 2/(-4) - o/2. Calculate the greatest common factor of 25 and h.
5
Let q = 4 - -52. Calculate the highest common divisor of q and 8.
8
Suppose 0*r - 2*r + 16 = 0. Suppose -2*i + r = -2*x + i, -24 = -2*x - 5*i. Suppose -131 = -x*k - 35. What is the greatest common factor of k and 8?
8
Suppose -s + 3 = -2. Let i(y) = 9*y - 5. Let w be i(5). What is the greatest common divisor of s and w?
5
Suppose -2*k + 5*t + 177 = -95, -3*k = -2*t - 408. Suppose 3*y + 2*j = 202, -y + k = y + j. Calculate the highest common factor of y and 14.
14
Suppose -2*j + 23 + 31 = 0. What is the highest common divisor of j and 297?
27
Let a = -1 + 24. Let m = -184 - -299. Calculate the highest common factor of a and m.
23
Let j = -21 - -54. Calculate the greatest common divisor of 44 and j.
11
Let y(k) = k + 7. Let n be (-46)/(-14) + 12/(-42). Suppose -24 = n*d - 6. Let r be y(d). What is the greatest common divisor of 5 and r?
1
Suppose -2*o - 2*o + 32 = 4*w, w - 17 = -2*o. Let r be -1 + -2 + (-18)/(-3). What is the highest common factor of o and r?
3
Suppose 0 = 2*p - 4 - 12. What is the highest common divisor of p and 88?
8
Let g = 18 + -2. Suppose 20 = 6*u - u - 5*a, 4*u + 2*a = 4. Suppose i = -u*i + 48. Calculate the highest common factor of i and g.
16
Let o be (12 + -3)/(6/8). Calculate the greatest common factor of 24 and o.
12
Let k be (-4)/8 - 183/(-6). Calculate the highest common factor of k and 6.
6
Let z = -67 + 115. Calculate the highest common divisor of z and 120.
24
Suppose 3*q = -1 + 7. What is the greatest common divisor of q and 14?
2
Suppose f + 0 - 3 = 0. Let u be -14*(-2 - f/(-2)). What is the greatest common divisor of 49 and u?
7
Suppose 4*p + 2 - 38 = 0. Let d(s) = 5*s**2 - 4*s + 3. Let i be d(-4). What is the greatest common factor of i and p?
9
Let r be (2 + -3 + -3)/(-2). Let s(y) = 1 + 1 - 3 - y**r + 3*y**2. Let c be s(-2). Calculate the greatest common divisor of 77 and c.
7
Let a be 15 - -2 - (-1 + 0)*-2. Let i(o) = o**3 - 3*o**2 - 5*o + 5. Let w be i(5). Calculate the highest common divisor of a and w.
15
Let w = 6 + 4. Let x be (-4)/14 - (-115)/35. Suppose -4*t - 40 = -a - x*a, -a = -4*t + 5. Calculate the greatest common divisor of a and w.
5
Let n be ((-1)/(-2))/((-5)/(-1130)). Let i = 213 - n. Suppose -5*t = i - 300. What is the highest common factor of 10 and t?
10
Let i = -57 - -95. Calculate the highest common divisor of i and 19.
19
Let s = -50 - -55. Calculate the greatest common divisor of s and 15.
5
Let w be ((-9)/4)/((-6)/32). What is the greatest common factor of 30 and w?
6
Let q(g) = 2*g**2 + 10*g - 2. Let n(r) = r**2 - 8*r + 5. Let k be n(5). Let h be q(k). Suppose -16 = 4*u - 72. Calculate the greatest common divisor of h and u.
14
Suppose -4*c + 23 = 3*i - 0, 0 = 4*i - 20. Let z(u) = -3*u + 2. Let b be z(4). Let v be 9/27 - b/6. What is the greatest common divisor of c and v?
2
Let y be (-32)/(-2)*(-8)/(-16). What is the greatest common factor of y and 16?
8
Let c be -2 + (3 - 4) - -113. What is the greatest common divisor of 10 and c?
10
Suppose -5*g = -0*n - 2*n + 111, 2*g = -3*n + 138. Suppose 0 = 2*j - 8. Let r = 2 + j. What is the greatest common factor of n and r?
6
Suppose 840 = 6*g + 6*g. Calculate the greatest common divisor of g and 35.
35
Suppose -2*b = -7*b + 40. Let h = b + -6. Suppose -2*m + 60 = h*m. Calculate the highest common factor of 6 and m.
3
Suppose 0 = -5*w + 2*j, 0 = 2*j - 6*j. Suppose w = 3*i - 3*k - 129, 0 = 3*i + 5*k - 0*k - 105. Let p = 25 - 15. What is the highest common factor of p and i?
10
Suppose 4*q + 49 = 753. Suppose -q = 4*i - 5*s + 71, -43 = i + 5*s. Let t be i/(-18) - (-6)/(-27). Calculate the highest common divisor of 1 and t.
1
Let n(j) = 3*j**2 + j + 2. Let w be n(-1). Let 